Calculate the remainder when 106 is divided by 59.
47
Calculate the remainder when 672 is divided by 170.
162
Calculate the remainder when 1648 is divided by 165.
163
What is the remainder when 4280 is divided by 16?
8
What is the remainder when 11 is divided by 10?
1
Calculate the remainder when 2186 is divided by 51.
44
Calculate the remainder when 2894 is divided by 34.
4
What is the remainder when 614 is divided by 88?
86
What is the remainder when 164 is divided by 41?
0
What is the remainder when 390 is divided by 28?
26
Calculate the remainder when 580 is divided by 253.
74
What is the remainder when 174 is divided by 76?
22
What is the remainder when 199 is divided by 156?
43
Calculate the remainder when 177 is divided by 16.
1
Calculate the remainder when 530 is divided by 36.
26
What is the remainder when 669 is divided by 56?
53
Calculate the remainder when 154 is divided by 9.
1
Calculate the remainder when 510 is divided by 9.
6
What is the remainder when 443 is divided by 146?
5
Calculate the remainder when 1575 is divided by 20.
15
Calculate the remainder when 5471 is divided by 70.
11
What is the remainder when 29 is divided by 1?
0
Calculate the remainder when 22 is divided by 5.
2
Calculate the remainder when 645 is divided by 18.
15
Calculate the remainder when 559 is divided by 40.
39
What is the remainder when 47 is divided by 7?
5
What is the remainder when 984 is divided by 29?
27
Calculate the remainder when 92 is divided by 47.
45
What is the remainder when 495 is divided by 71?
69
Calculate the remainder when 2591 is divided by 16.
15
What is the remainder when 172 is divided by 14?
4
What is the remainder when 3038 is divided by 80?
78
What is the remainder when 504 is divided by 29?
11
What is the remainder when 568 is divided by 29?
17
What is the remainder when 22 is divided by 6?
4
Calculate the remainder when 2442 is divided by 122.
2
What is the remainder when 224 is divided by 70?
14
What is the remainder when 1195 is divided by 205?
170
Calculate the remainder when 9847 is divided by 25.
22
Calculate the remainder when 45 is divided by 10.
5
What is the remainder when 2473 is divided by 4?
1
Calculate the remainder when 3516 is divided by 49.
37
What is the remainder when 364 is divided by 16?
12
What is the remainder when 266 is divided by 169?
97
Calculate the remainder when 55 is divided by 53.
2
Calculate the remainder when 110 is divided by 8.
6
What is the remainder when 307 is divided by 82?
61
Calculate the remainder when 1636 is divided by 53.
46
What is the remainder when 235 is divided by 50?
35
Calculate the remainder when 3530 is divided by 58.
50
Calculate the remainder when 74 is divided by 27.
20
What is the remainder when 1369 is divided by 125?
119
Calculate the remainder when 157 is divided by 16.
13
Calculate the remainder when 264 is divided by 38.
36
Calculate the remainder when 99 is divided by 67.
32
Calculate the remainder when 68 is divided by 22.
2
What is the remainder when 466 is divided by 108?
34
What is the remainder when 1539 is divided by 224?
195
Calculate the remainder when 507 is divided by 244.
19
What is the remainder when 461 is divided by 155?
151
What is the remainder when 271 is divided by 14?
5
Calculate the remainder when 222 is divided by 110.
2
Calculate the remainder when 217 is divided by 44.
41
What is the remainder when 482 is divided by 23?
22
Calculate the remainder when 423 is divided by 92.
55
What is the remainder when 462 is divided by 326?
136
What is the remainder when 561 is divided by 113?
109
Calculate the remainder when 14949 is divided by 42.
39
What is the remainder when 2298 is divided by 389?
353
Calculate the remainder when 2128 is divided by 112.
0
What is the remainder when 208 is divided by 23?
1
What is the remainder when 110 is divided by 15?
5
Calculate the remainder when 2641 is divided by 125.
16
What is the remainder when 4904 is divided by 11?
9
What is the remainder when 536 is divided by 207?
122
What is the remainder when 1993 is divided by 21?
19
What is the remainder when 79 is divided by 19?
3
What is the remainder when 4948 is divided by 84?
76
Calculate the remainder when 349 is divided by 27.
25
Calculate the remainder when 4126 is divided by 12.
10
What is the remainder when 113 is divided by 60?
53
What is the remainder when 149 is divided by 22?
17
Calculate the remainder when 1319 is divided by 166.
157
Calculate the remainder when 1276 is divided by 2.
0
What is the remainder when 8899 is divided by 129?
127
Calculate the remainder when 146 is divided by 33.
14
What is the remainder when 173 is divided by 85?
3
Calculate the remainder when 220 is divided by 101.
18
What is the remainder when 320 is divided by 17?
14
What is the remainder when 414 is divided by 139?
136
Calculate the remainder when 942 is divided by 27.
24
Calculate the remainder when 1140 is divided by 36.
24
Calculate the remainder when 28 is divided by 17.
11
Calculate the remainder when 1017 is divided by 14.
9
Calculate the remainder when 622 is divided by 25.
22
What is the remainder when 1206 is divided by 55?
51
Calculate the remainder when 97 is divided by 21.
13
Calculate the remainder when 47 is divided by 20.
7
What is the remainder when 194 is divided by 97?
0
Calculate the remainder when 1061 is divided by 19.
16
What is the remainder when 251 is divided by 63?
62
Calculate the remainder when 204 is divided by 129.
75
Calculate the remainder when 9565 is divided by 1366.
3
Calculate the remainder when 234 is divided by 63.
45
Calculate the remainder when 187 is divided by 89.
9
What is the remainder when 213 is divided by 24?
21
Calculate the remainder when 498 is divided by 124.
2
Calculate the remainder when 541 is divided by 78.
73
Calculate the remainder when 354 is divided by 91.
81
What is the remainder when 400 is divided by 41?
31
What is the remainder when 4481 is divided by 6?
5
What is the remainder when 31498 is divided by 105?
103
What is the remainder when 119 is divided by 54?
11
Calculate the remainder when 473 is divided by 150.
23
Calculate the remainder when 4979 is divided by 83.
82
Calculate the remainder when 380 is divided by 191.
189
What is the remainder when 251 is divided by 65?
56
What is the remainder when 182 is divided by 37?
34
What is the remainder when 723 is divided by 120?
3
What is the remainder when 437 is divided by 154?
129
Calculate the remainder when 1580 is divided by 44.
40
What is the remainder when 2050 is divided by 21?
13
What is the remainder when 298 is divided by 125?
48
What is the remainder when 3185 is divided by 110?
105
What is the remainder when 73 is divided by 18?
1
What is the remainder when 547 is divided by 79?
73
Calculate the remainder when 82 is divided by 28.
26
What is the remainder when 349 is divided by 91?
76
Calculate the remainder when 863 is divided by 290.
283
What is the remainder when 4953 is divided by 309?
9
What is the remainder when 2035 is divided by 24?
19
Calculate the remainder when 95 is divided by 49.
46
Calculate the remainder when 10746 is divided by 28.
22
What is the remainder when 3505 is divided by 130?
125
What is the remainder when 235 is divided by 2?
1
Calculate the remainder when 2461 is divided by 40.
21
What is the remainder when 2319 is divided by 80?
79
Calculate the remainder when 67 is divided by 31.
5
Calculate the remainder when 162 is divided by 10.
2
What is the remainder when 2490 is divided by 1241?
8
What is the remainder when 41 is divided by 7?
6
Calculate the remainder when 3679 is divided by 1224.
7
What is the remainder when 122 is divided by 36?
14
Calculate the remainder when 528 is divided by 41.
36
Calculate the remainder when 1494 is divided by 23.
22
Calculate the remainder when 923 is divided by 134.
119
Calculate the remainder when 126 is divided by 125.
1
Calculate the remainder when 181 is divided by 28.
13
Calculate the remainder when 632 is divided by 12.
8
Calculate the remainder when 2085 is divided by 86.
21
Calculate the remainder when 1954 is divided by 487.
6
What is the remainder when 1355 is divided by 151?
147
Calculate the remainder when 57 is divided by 12.
9
What is the remainder when 25 is divided